Let q(w) = 2 - w**2 - m + 0*w**2 + 2. Calculate q(0).
-4
Let g(w) = w**3 + w**2 - 1. Let c(b) be the third derivative of b**6/120 - b**2. Let q(a) = -3*c(a) + g(a). Suppose -332*n = -9 - 243 - 80. Determine q(n).
-2
Let f(r) be the second derivative of -r**3/2 + r**2 + 12*r. Calculate f(-5).
17
Let c(a) = -3*a**3 + 12*a**2 + 3*a - 5. Let l(g) = -g**3 + 5*g**2 + g - 2. Let n(i) = 3*c(i) - 8*l(i). What is n(-5)?
21
Let h(y) = -6 - 2*y + 5 + y. Suppose -3*q = -8*q + 50. Suppose 2*x - 2*k - 2*k = -q, -5*x + 5*k = 20. Calculate h(x).
2
Let t(w) = -1895*w - 5 + 0 + 1896*w. Give t(0).
-5
Let w(n) = n**2 - 11*n + 8. Suppose 0*r + r = 5. Let i be r - (1 + -2 - 1). Determine w(i).
-20
Let k(p) = p**3 - 2*p**2 - p - 2. Let i(c) = c**3 + 3*c**2 - 2*c. Let y be i(0). What is k(y)?
-2
Let f(y) = y**3 - 7*y**2 + 6*y + 5. Let d = -63 + 58. Let o(m) = -4*m - 14. Let r be o(d). Give f(r).
5
Let t(h) be the second derivative of -h**3/6 + 23*h**2/2 - 113*h. What is t(20)?
3
Let b(m) = -m - 11. Let z(i) = -2*i - 11. Let r(v) = -3*b(v) + 2*z(v). Let l be r(7). Let t(f) = f - 1. Calculate t(l).
3
Let i(w) be the second derivative of w**5/20 + w**4/4 - 2*w**3/3 + w - 370. Suppose -6*k - 18 = -k - f, -3*f - 2 = -k. Give i(k).
0
Let f(t) be the third derivative of t**5/60 - 5*t**4/12 + 11*t**3/6 - 3*t**2 - 5. Let p be 2/5*60/3. Calculate f(p).
-5
Let x(t) = 2*t**2 - t + 2. Let z be x(1). Let p be (0/(2 - z))/(-1). Let b be 9*(p - 3/(-9)). Let i(h) = -2*h + 1. Give i(b).
-5
Let x(p) = -p**3 + 4*p**2 + p + 7. Let f(j) = j**2 - 20. Let y be f(5). Suppose u + y = -5*m, -2*u + 5*u - 4*m - 23 = 0. Determine x(u).
-13
Let f(x) = 2*x**3 + 5*x**2 - 2*x - 12. Let l(u) = 6*u**3 + 16*u**2 - 6*u - 40. Let s(d) = -7*f(d) + 2*l(d). What is s(-3)?
25
Let y = -226 - -227. Let g(s) = -9*s**2 + s - 1. Calculate g(y).
-9
Let c(o) = -5 + 18*o - 10*o - 10 - 11*o. Let i be c(-3). Let n(x) be the first derivative of -x**2/2 - 6*x - 1. Determine n(i).
0
Suppose p - 4*q = 2, -2*p - 3*p - 4*q = -10. Let l(h) = h**2 + 2 + 2 + 0*h**p + h**2 - 3*h. Determine l(3).
13
Let f(o) = -o**3 - 17*o**2 - 3*o - 57. Let t be f(-17). Let g(m) be the first derivative of m**3/3 + 5*m**2/2 - 6*m - 8. Give g(t).
0
Let t(i) = -16*i - 137. Let x be t(-9). Let v(b) = 2*b + 3. Give v(x).
17
Let k(c) = -c - 10. Let y be (-60)/90 - 11/(-3). Suppose p = -3*p - d - 37, -9 = -y*d. Determine k(p).
0
Let b(k) = -21*k + 5*k + 4*k + 2 + 14*k. Determine b(-6).
-10
Suppose 6 = 13*v + 123. Let c(i) = i**3 + 8*i**2 - 11*i - 10. Determine c(v).
8
Let q(m) be the second derivative of m**5/20 + 5*m**4/12 - m**3/3 - 7*m**2/2 - 33*m. Suppose 0 = -4*c + 8*c + 20. What is q(c)?
3
Let w(j) = -6*j - 43. Let d(k) = 8*k + 49. Let t(y) = 5*d(y) + 6*w(y). Calculate t(-6).
-37
Let j(u) = -4*u - 9. Suppose 3*k = -3*q + 30, -2*q + 0*k + 22 = 3*k. Let f(o) = 11*o + 26. Let b(v) = q*j(v) + 3*f(v). Determine b(0).
6
Let g(v) = 2*v**2 + 14*v - 15*v + 6*v**3 - 3*v + 3*v. Calculate g(1).
7
Let w(m) = 0*m**2 - 9*m**2 + 7*m**2 - 5*m - 2*m**3 + 5*m**2 + 3. What is w(3)?
-39
Suppose 2*v + 4*f - 20 = 0, 0 = v + 3*f - 2 - 11. Let s(h) = -h**3 - 4 + 4*h**2 + 4*h - 5*h + 3*h. What is s(v)?
4
Let u(y) be the first derivative of y**3/3 - y**2 - 7*y - 5. Let x be (5/(-2))/(5/(-10)). Calculate u(x).
8
Suppose -3*r + r = 2. Let m(x) = 2*x**2. Let h be m(r). Let a be 40/12 + h/3. Let l(f) = 2*f - 5. Calculate l(a).
3
Let r(v) = v**2 - 14*v - 28. Suppose -u + 4*y + 28 = 0, 6*u + 4*y - 68 = u. Calculate r(u).
4
Let r(s) = s**3 + 3 - 6*s**2 + 148*s - 140*s - 2*s**2. Calculate r(7).
10
Let x = 352 - 365. Let w(c) = c + 15. Give w(x).
2
Let c(l) = -l**3 + 35*l**2 + 75*l - 29. Let m be c(37). Let w(p) = -5*p + 14. Let f(b) = 9*b - 27. Let t(k) = 3*f(k) + 5*w(k). Give t(m).
5
Let a(i) = -5*i + 36. Let w = 1834 + -1827. Give a(w).
1
Let p(w) be the second derivative of -7*w**4/6 + w**2/2 + 20*w - 2. Calculate p(1).
-13
Let m(w) = -2*w + 18. Suppose -260*r + 261*r - 8 = 0. Determine m(r).
2
Let i(p) = p**2 - 6*p. Let t(h) be the first derivative of -5*h**2/2 - 16. Let o be t(-1). Determine i(o).
-5
Let y = -4 + 10. Let l(k) = 6*k**2 - 9*k + y + 2*k + k - k**3 + 5*k. What is l(6)?
0
Let k be (3 + (-46)/(-4))*-2. Let i = 35 + k. Let q(z) = z**2 - 7*z. Calculate q(i).
-6
Suppose -4*n = -5*d + 14, 0 = -6*d + 9*d - 6. Let x(t) = -5*t**3. Calculate x(n).
5
Let v(k) be the second derivative of k**4/12 + k**3/3 + k**2 - 146*k. Calculate v(-1).
1
Let k(j) = 10 + 3*j + 18*j**3 - 2*j - 9 + 0. Determine k(-1).
-18
Let s(c) be the third derivative of c**6/120 - c**5/15 - c**4/24 + c**3/6 - c**2 + 5. Give s(4).
-3
Let y be (-1 + (0 - 0))/(1/2). Let n(w) = w**2 + 2*w + 3. Calculate n(y).
3
Let c = -36 - -38. Let w(y) = -564*y - y**2 - y**c + 567*y + y**3 - 2. Suppose 4*n - 5 - 3 = 0. Calculate w(n).
4
Let s = -32 + 33. Let n(f) be the first derivative of -7*f**2/2 - 1. Give n(s).
-7
Let k(p) be the third derivative of -p**5/60 - 11*p**4/24 + 8*p**3/3 - 27*p**2 - 2*p. Determine k(-11).
16
Let f(g) be the first derivative of -g**6/360 + g**5/15 - g**4/3 - 19*g**3/3 + 31. Let r(m) be the third derivative of f(m). Determine r(7).
-1
Let m be -2 - ((-216)/(-3))/(-3). Let z = -15 + m. Suppose -2*c = c + 3*v, -5*v = -2*c + z. Let s(q) = -12*q + 1. Calculate s(c).
-11
Let y(p) be the third derivative of p**4/24 + 10*p**3/3 + p**2 - 46*p. Determine y(0).
20
Let k(z) = z**2 + 6*z + 2. Suppose -4*y + 44 = -4*v, -170 = v + 2*y - 168. Determine k(v).
18
Let a(f) = 3*f - 2 + 0 + 1. Let y(l) = l**3 + 4. Let n be y(0). Let h(x) = x - 2. Let j be h(n). Determine a(j).
5
Let d(o) be the first derivative of o**3/3 + 11*o**2/2 - o + 93. What is d(-10)?
-11
Let z(w) be the first derivative of w**4/4 - 3*w**3 - 11*w + 330. What is z(9)?
-11
Let c(m) be the third derivative of -m**7/1260 - m**5/120 + m**4/6 + 8*m**2. Let i(u) be the second derivative of c(u). Give i(1).
-3
Let c(y) be the third derivative of -2*y**5/15 + y**4/24 - 9*y**2 - 3. Let u be 12/8*(-2)/3. Let x be (-3)/1 + (-2)/u. What is c(x)?
-9
Let t(z) = 5*z. Let m = -34 - -21. Let j = 17 + m. Suppose 0 = -j*h + 14 - 2. Give t(h).
15
Let n(q) be the third derivative of q**5/60 + q**3/6 - 54*q**2 - q. What is n(-4)?
17
Suppose 77*p = 79*p - 8. Let l(x) = 2*x. Let j(g) = g**2 - 5*g + 5. Let v be j(5). Let y(a) = 2*a - 1. Let r(c) = v*l(c) - 6*y(c). Give r(p).
-2
Let z(g) be the second derivative of g**8/6720 - g**7/630 - g**6/240 - g**4/4 - 26*g. Let f(l) be the third derivative of z(l). What is f(5)?
10
Let d(b) = -b**3 - 12*b**2 - 14*b - 14. Let w be (110/(-240)*-6)/(2/(-8)). Determine d(w).
19
Let t = -547 + 549. Let w(i) be the first derivative of -3/4*i**4 + i**3 + 3*i - 3/2*i**2 + 4. Calculate w(t).
-15
Let l(t) = -2*t**3 - 2*t - 1. Let g = 689 - 691. Give l(g).
19
Suppose -8*c + 9*c + 4 = -v, 0 = -4*c - v - 28. Let p(w) be the second derivative of -w**5/20 - 2*w**4/3 + 7*w**2/2 - 2*w. Determine p(c).
7
Let m(y) be the second derivative of -y**8/6720 - y**7/504 - y**6/360 + y**5/60 - 5*y**4/6 - 3*y. Let a(b) be the third derivative of m(b). What is a(-3)?
-10
Let g(h) = h**3 - 4*h**2 - h - 3. Let x(n) = -n**3 + n**2 + n + 5. Let l = -6 + 6. Let f be x(l). Suppose f*w = -0*w + 20. Calculate g(w).
-7
Let d(q) be the first derivative of 4*q**3/3 - q**2 + 3*q + 446. Let i = -15 - -17. Determine d(i).
15
Let f be (8 + (-75)/9)/(2/18). Let m(q) = -3 + 2 + 5 + 6*q. Calculate m(f).
-14
Let k = 0 - 0. Let f be -3 - (k - -3 - 7). Let m(g) = -11*g. Calculate m(f).
-11
Let u(h) be the first derivative of -3*h - h**3 + 1/4*h**4 + 2 + h**2. What is u(2)?
-3
Let l(s) = -s**3 + 3*s - 3. Suppose 15 = w + 4*q, -4*w = -5*q - 2 + 5. Let v be 85/15 + 1/w. Suppose 4*i - v = 2. What is l(i)?
-5
Let o(x) = x**3 - 24*x**2 - 29*x + 107. Let r be o(25). Let s(i) = i - 15. What is s(r)?
-8
Let l(r) be the second derivative of -r**5/20 - r**4/2 - r**3/2 - 9*r**2/2 - 2*r + 253. Determine l(-6).
9
Let t(b) = -2*b + 9. Let y be 8 - -1 - -1 - 0. Let r(u) be the first derivative of -u**2/2 + 16*u + 366. Let s be r(y). Give t(s).
-3
Let n(i) = -3*i**2 - 3*i + 4. Let v(o) = -o**3 + 8*o**2 + 28*o - 12. Let h be v(11). Let a = h - -64. Give n(a).
-14
Suppose 4*g - 140 = w - 5*w, -74 = -2*g - 3*w. Suppose -3*n = 5*b - 67, n - 5*b - g = -3*n. Let q(z) = -7 - n*z + 6*z + 5*z. Give